55661682?
False
Does 10 divide 734844234?
False
Is 1963 a factor of 3347123078?
True
Is 4222 a factor of 743354874?
True
Does 880 divide 582272039?
False
Is 2 a factor of 4509257?
False
Does 9 divide 47574388?
False
Is 282 a factor of 19203918?
True
Is 1208030013 a multiple of 17?
True
Is 7 a factor of 11011596?
False
Is 697107516 a multiple of 21?
True
Is 125547907 a multiple of 49?
False
Is 41558961 a multiple of 67?
True
Is 15133980 a multiple of 6?
True
Does 17 divide 48286749?
True
Does 3755 divide 545503870?
True
Does 96 divide 13347530?
False
Does 4 divide 85621624?
True
Is 9 a factor of 10214736?
False
Does 65 divide 254456735?
True
Is 3858 a factor of 389665716?
True
Is 2669602800 a multiple of 25?
True
Is 1038423633 a multiple of 4?
False
Is 222 a factor of 11870642?
False
Is 137408275 a multiple of 2920?
False
Is 50 a factor of 60334950?
True
Is 1670347057 a multiple of 4712?
False
Is 409936258 a multiple of 1227?
False
Does 31 divide 308927834?
True
Is 21 a factor of 17401167?
True
Does 1401 divide 3361133496?
True
Does 749 divide 24581431?
True
Is 6097914533 a multiple of 1157?
False
Does 16 divide 456384209?
False
Is 448144529 a multiple of 68?
False
Is 84508492 a multiple of 698?
False
Is 380976738 a multiple of 91?
False
Is 5 a factor of 11446159?
False
Is 71 a factor of 398124190?
False
Is 48980161 a multiple of 544?
False
Is 52682244 a multiple of 2598?
True
Is 921812166 a multiple of 10?
False
Is 13282359 a multiple of 3?
True
Is 7331249 a multiple of 74?
False
Is 22573218 a multiple of 163?
True
Is 1897 a factor of 207046651?
False
Is 12338945 a multiple of 9?
False
Is 872 a factor of 146947825?
False
Does 8 divide 380569808?
True
Is 98825508 a multiple of 36?
True
Does 31 divide 2165331638?
False
Is 7012 a factor of 269351956?
True
Is 960852074 a multiple of 343?
True
Is 255371820 a multiple of 220?
True
Does 758 divide 435836356?
True
Is 387 a factor of 146578028?
False
Does 467 divide 283636947?
False
Is 695 a factor of 24784395?
True
Is 269 a factor of 295363318?
False
Is 215 a factor of 299118535?
True
Does 746 divide 271739841?
False
Is 101 a factor of 51165489?
True
Is 1396323036 a multiple of 237?
False
Is 73253055 a multiple of 553?
False
Does 7 divide 80263465?
False
Is 399 a factor of 2228657193?
True
Does 66 divide 10924848?
True
Does 38 divide 4598684438?
False
Is 2228227 a multiple of 3?
False
Is 26258985 a multiple of 9?
True
Is 5814872 a multiple of 6?
False
Does 49 divide 234674918?
False
Does 334 divide 14007722?
False
Is 328146510 a multiple of 25?
False
Does 23 divide 266317?
True
Is 76107823 a multiple of 331?
True
Does 49 divide 37806043?
False
Does 939 divide 117948196?
False
Is 75 a factor of 6695475?
True
Does 3206 divide 572824503?
False
Does 451 divide 309288886?
False
Is 9 a factor of 12744992?
False
Does 2 divide 1603391?
False
Is 15 a factor of 3011447?
False
Does 27 divide 18136710?
True
Is 213913570 a multiple of 13?
True
Is 58 a factor of 113068912?
True
Is 12652038 a multiple of 6?
True
Does 177 divide 61260024?
False
Is 721008897 a multiple of 143?
False
Is 11 a factor of 504223?
False
Does 70 divide 14207690?
True
Is 569 a factor of 1670742182?
True
Does 192 divide 20237568?
True
Is 30 a factor of 137789765?
False
Is 696 a factor of 5834357808?
True
Does 8 divide 1061839696?
True
Does 927 divide 374815330?
False
Is 4 a factor of 1901504?
True
Is 8066218 a multiple of 109?
True
Is 32 a factor of 170165792?
True
Is 182042383 a multiple of 985?
False
Is 20 a factor of 9042854?
False
Is 110677271 a multiple of 269?
False
Does 1718 divide 1043762310?
True
Does 87 divide 3347083?
False
Is 24837952 a multiple of 2516?
True
Does 53 divide 84604825?
False
Is 16 a factor of 850155399?
False
Is 514474128 a multiple of 1224?
True
Is 1115371747 a multiple of 321?
False
Is 2321 a factor of 1253371929?
False
Is 36001219 a multiple of 428?
False
Is 123 a factor of 99076704?
False
Is 3435 a factor of 338416078?
False
Is 5 a factor of 45431225?
True
Is 2279868495 a multiple of 93?
True
Does 7 divide 202505415?
True
Does 22 divide 221921942?
True
Is 382387941 a multiple of 1293?
True
Is 10113627 a multiple of 47?
False
Does 172 divide 198044529?
False
Is 24 a factor of 40476772?
False
Does 197 divide 307583718?
False
Is 38 a factor of 125286983?
False
Is 294237116 a multiple of 312?
False
Does 355 divide 1679601?
False
Is 23880974 even?
True
Does 17 divide 806684?
True
Does 1280 divide 1141735828?
False
Does 13 divide 58418987?
False
Is 129660939 a multiple of 22?
False
Is 69 a factor of 890529161?
False
Is 537 a factor of 18821844?
False
Is 1175 a factor of 509483441?
False
Does 11 divide 155141514?
True
Is 122025185 a multiple of 11?
False
Does 429 divide 968936826?
True
Is 26752463 a multiple of 307?
False
Is 187 a factor of 16107245?
True
Does 4 divide 1243955640?
True
Does 29 divide 2838818613?
True
Does 31 divide 2135715488?
True
Is 275 a factor of 18569960?
False
Is 539963173 a multiple of 9?
False
Does 60 divide 131755206?
False
Is 42795600 a multiple of 475?
True
Does 56 divide 455132242?
False
Does 151 divide 54391408?
True
Is 419 a factor of 6525692?
False
Does 92 divide 1816777959?
False
Does 1947 divide 826186086?
True
Is 15965301 a multiple of 5?
False
Does 131 divide 156875906?
True
Does 1423 divide 710301834?
True
Does 42 divide 98361816?
True
Does 1379 divide 99339385?
False
Is 341644695 a multiple of 76?
False
Does 21 divide 11233129?
False
Is 50 a factor of 396362950?
True
Does 17 divide 728675450?
False
Is 545435222 a multiple of 2291?
False
Is 12094303 a multiple of 11?
False
Does 47 divide 370529576?
True
Is 483 a factor of 10968212?
False
Is 8833290 a multiple of 5?
True
Does 18 divide 91652893?
False
Does 30 divide 797055977?
False
Is 29 a factor of 27388586?
True
Is 114 a factor of 27645578?
False
Is 846347058 a multiple of 279?
True
Does 10 divide 497877770?
True
Is 1482698479 a multiple of 23?
False
Is 108983226 a multiple of 274?
True
Is 168916206 a multiple of 511?
False
Is 151111870 a multiple of 455?
True
Is 9806269 a multiple of 210?
False
Does 942 divide 168786464?
False
Does 55 divide 53720720?
False
Is 6555 a factor of 1504003725?
False
Does 1469 divide 466618347?
False
Does 15 divide 26465535?
True
Is 299808791 a multiple of 80?
False
Is 408 a factor of 14347728?
True
Is 43227418 a multiple of 258?
False
Does 425 divide 775901675?
True
Is 31 a factor of 25699558?
True
Does 5315 divide 59815010?
True
Is 401 a factor of 519264025?
False
Is 63 a factor of 358488668?
False
Is 526778534 a multiple of 519?
False
Does 419 divide 62200723?
False
Is 2212 a factor of 496494460?
True
Is 17985726 a multiple of 22?
True
Is 112209711 a multiple of 44?
False
Does 16 divide 64057569?
False
Is 683897314 a multiple of 387?
False
Does 270 divide 51818341?
False
Is 2979994 a multiple of 7?
False
Is 7512983 a multiple of 433?
True
Is 27 a factor of 535977281?
False
Is 109 a factor of 30811016?
False
Is 36 a factor of 1071370637?
False
Is 1562034968 a multiple of 35?
False
Is 54 a factor of 21132856?
False
Does 8 divide 3514376?
True
Is 448623318 a multiple of 78?
True
Does 11 divide 772422640?
True
Is 72495285 a multiple of 10?
False
Is 61 a factor of 14685984?
False
Is 2595 a factor of 521340690?
True
Is 8422932 a multiple of 788?
True
Is 344877595 a multiple of 188?
False
Does 63 divide 25658294?
False
Does 2 divide 89414065?
False
Is 12141000 a multiple of 152?
True
Is 44616792 a multiple of 44?
True
Does 11 divide 6095441?
True
Does 345 divide 287302545?
True
Does 77 divide 14020595?
False
Does 906 divide 43254252?
True
Is 763199232 a multiple of 4672?
True
Does 309 divide 54573108?
True
Does 21 divide 515913193?
False
Does 1380 divide 60973304?
False
Is 1254308210 a multiple of 3845?
True
Is 527 a factor of 48904394?
False
Does 401 divide 80728750?
False
Does 16 divide 206738512?
True
Is 4429019 a multiple of 11?
False
Is 34 a factor of 847647880?
True
Does 107 divide 461677501?
True
Is 91190348 a multiple of 26?
False
Is 239415392 a multiple of 2?
True
Is 12 a factor of 117274020?
True
Is 13 a factor of 233349311?
True
Is 14 a factor of 63316445?
False
Is 1900356551 a multiple of 1400?
False
Is 3 a factor of 4354692?
True
Is 6822180 a multiple of 180?
True
Does 7403 divide 34820535